i. What is c(3)?
3
Let a(r) = -7*r + 0*r - 8*r**2 + 9*r**2 - 9 + 0. Determine a(8).
-1
Let v(a) = a - 13. Suppose -m - 1 + 10 = 0. Let w be (m - -3 - 0)/2. Calculate v(w).
-7
Suppose -3*r + 15 = -5*w, w + 3*r - 6 = 9. Let a(g) be the third derivative of g**5/60 - g**4/24 - 7*g**3/3 - 2*g**2 - 10. What is a(w)?
-14
Let k(c) = -15*c - 6. Let y(l) = -8*l - 3. Let i(j) = -6*k(j) + 11*y(j). Calculate i(-4).
-5
Let w(t) = -6*t**2 - 12*t + 2. Let x(h) = -h**2 - h + 1. Let k(i) = -w(i) + 5*x(i). Determine k(-6).
-3
Let j(g) = g**3 - 5*g**2 + 4*g - 4. Let p be j(4). Let x(i) = i + 7. Give x(p).
3
Let f = 6 - 4. Let j(n) = -3*n**2 + 2*n**f - n**3 - 2*n**2 + n + 4. Calculate j(-3).
1
Let a(j) = 9 + j**3 + 5*j**2 + 0*j**2 - 2. Suppose 2*c - c = 2*f - 3, 4*f + 24 = -4*c. What is a(c)?
7
Let b(n) = -n**3 + 3*n**2 + 4*n + 2. Let z(l) = -2*l**3 + 3*l**2 - l - 2. Let q(g) = -g**3 - g**2. Let y(r) = -3*q(r) + z(r). Let t be y(-6). What is b(t)?
2
Let p(n) be the second derivative of -n**3/2 + 4*n**2 + 4*n. Let x(b) = -b + 4. Let o(h) = 2*p(h) - 5*x(h). What is o(-3)?
-1
Suppose 5*w - 10 = -5*g, -6*g + 38 = -3*g - 5*w. Let r(h) = 3 + 3*h - g*h + 3. Give r(4).
-6
Let a(y) be the second derivative of 0 + 5/12*y**4 + 0*y**3 - 2*y + 1/20*y**5 - 5/2*y**2. Let f be -3 - (0 - 2)/(-1). Determine a(f).
-5
Let m(j) = j**3 - 4*j**2 + j. Let q be m(4). Let l(i) = -6*i - i**2 + 5*i - 2 + 5*i. Determine l(q).
-2
Suppose 0 = 4*p - 3*u - 359, -4*p - 67 = -u - 424. Let g(v) = 83*v**2 - p*v**2 + 3 - 2. Determine g(1).
-5
Let p(k) = -k**2 + k - 3. Suppose 3*x + x + 5*w = -56, 0 = w + 4. Let q be 12/(-20) + x/(-15). Give p(q).
-3
Suppose u + 0 - 4 = 0. Let p(g) = g**2 + g - 3. Give p(u).
17
Let o(z) = -z**2 + 3*z + 1. Suppose 0 = -6*r - 0*r + 18. Determine o(r).
1
Let q(z) be the first derivative of -5*z**3/3 + z**2/2 + 2. Suppose 3*j = 7*j - 16. Let g be 6/(-4) - (-2)/j. Give q(g).
-6
Let r(f) = -8*f + 14. Let o(z) = -z + 1. Let j(a) = 10*o(a) - r(a). Determine j(-7).
10
Let y(i) = 2*i**2 - 2*i - 2. Let s be (-1)/(-2) - (-22)/4. Suppose -10 = 3*z + h, -3*z + 4*h = s*h + 5. Let o(f) = -f - 3. Let b be o(z). Determine y(b).
2
Let g = 180 + -180. Let c(i) be the first derivative of -i**4/4 + i**2/2 - 6*i + 1. Calculate c(g).
-6
Let p(i) = 3*i - 5. Let f(d) = 4*d - 6. Let v(w) = 5*f(w) - 6*p(w). What is v(-6)?
-12
Let k(l) = 7 - 2*l - 2 + 0*l - l**2. Let c(h) = -h**2 + 3*h + 5. Let u be c(4). Suppose 4*f + 8 = -4*n, 2*f - u - 1 = -4*n. What is k(f)?
-10
Let n(o) = 8*o**2 + 1 + o - 7*o**2 - 2*o**2. What is n(-1)?
-1
Let m(v) be the second derivative of -5*v**3/6 - v**2/2 + v. Let j = -6 - -8. Suppose 0 = -4*l - 6 + j. What is m(l)?
4
Let x(f) = 8*f - 2*f - 1 - 4 - 8*f. Give x(-4).
3
Let j be (-2)/8 + 9/4. Let v(h) = -2*h + 33 + 32 + h**2 + 30 - 92. Determine v(j).
3
Let p(g) = 2*g**2 - 4*g + 4. Let t be p(2). Let r(z) = t*z**2 - 2*z**2 - z**3 + 2 + z**2. Calculate r(2).
6
Let w(p) = 2*p**3 - p**2 + 4*p + 0*p**2 - 2*p**2 - 2 + p**2. Determine w(2).
14
Suppose 0 = 2*y + 15 - 3. Let c be (y/8)/(10/40). Let o(b) = b**2 + b. Calculate o(c).
6
Suppose 6*f = f + 10. Suppose f = -v + 3*v. Let n(o) = 7*o**2 - o + 1. Determine n(v).
7
Let g(p) = p**3 + 5*p**2 - 3 + 2*p**3 - p**2 - 4*p**3. Let n = 5 + 1. Suppose -3*r + j - 4 = -n*r, j = -5. Calculate g(r).
6
Let f(b) = b + 1. Suppose r = 2 - 6. Let m = 2 - 0. Let g = m + r. What is f(g)?
-1
Suppose -6 = -7*p + 4*p. Let v = -8 + 10. Let s(a) = -3*a**2 - v*a + 4*a**2 + 1 - 2*a**2. Determine s(p).
-7
Let f(k) = k + 10. Let v(d) = 1. Suppose 0 = -3*q - 7 + 1. Let c(t) = q*v(t) + f(t). Give c(-5).
3
Let d(w) be the first derivative of -w**2/2 - 7*w + 43. Determine d(-10).
3
Let i(w) = -w**3 + 4*w**2 + w - 4. Let y(u) = -u + 7. Let g be y(7). Let b be g + -3*(-1 - 0). Calculate i(b).
8
Let u(a) = 8*a**2 - a + 2. Let r(k) = 9*k**2 - 2*k + 2. Let x(j) = 5*r(j) - 6*u(j). Determine x(-2).
-6
Let c(a) = 5*a + 4. Let b(g) = 1. Let k(p) = 3*b(p) - c(p). Determine k(-2).
9
Suppose 4*a - 5 = x - 1, 5*a = 3*x + 12. Let h(l) = -3*l - 5. Determine h(x).
7
Let j(v) = v + 6. Suppose 7*u - 12*u - 15 = 0. Give j(u).
3
Let n(g) = -g**3 - 4*g**2 + 1. Let o = 212 - 215. What is n(o)?
-8
Suppose 8*g - 7 = 7*g - q, 4*g - 20 = -2*q. Let n(h) be the first derivative of -1 - 2*h + 2/3*h**g - 1/4*h**4 + 2*h**2. Give n(3).
1
Let v(b) be the third derivative of -b**6/120 - b**5/12 + b**4/6 - b**3 - 61*b**2. Let x be 4/1*1/2. Let q be x/(-7) + 80/(-14). Calculate v(q).
6
Let u(r) = -r + 1. Let g(i) = -i - 2. Let d be g(-2). Suppose -2*m = 4*a - 18, -2*m + 0*m - 5*a + 20 = d. Calculate u(m).
-4
Let c be (-8)/(-14) - 10/(-7). Let k(s) = 2*s - 3. Let u(f) = -9*f + 14. Let d(o) = c*u(o) + 11*k(o). Determine d(4).
11
Let f be (-4)/(-20) - 68/(-10). Let w(x) = x**3 - 7*x**2 + 1. What is w(f)?
1
Let t = -49 - -53. Let s(z) be the first derivative of 1/4*z**t - 4 - 3*z**2 - 5/3*z**3 - 5*z. Calculate s(6).
-5
Let k(v) be the second derivative of 2*v**3 - 2*v. Give k(1).
12
Let y(p) = 2*p - 3*p - 2*p. Let q = 19 - 20. Calculate y(q).
3
Let p(j) = -j**2 - j - 4. Let g be -10*2*(2 + -3). Suppose g = s - 4*m, -5*s + s + 10 = -2*m. What is p(s)?
-4
Let x(i) = -1 + 3 - 5 - 2*i + 4. What is x(1)?
-1
Suppose -13*n = -17*n + 8. Let r(x) = x**3 - 5*x**2 + 3*x. Calculate r(n).
-6
Let u(r) = -r**3 + 7*r**2 - 7*r - 2. Suppose 0 = -2*o + 3 + 25. Let i(t) = t**2 - 15*t + 20. Let f be i(o). Calculate u(f).
-8
Suppose 2*h - h = 0. Suppose 0 = -v - f + 3, -v - 6*f + 2*f - 9 = 0. Let s(m) = -4*m + v + 0 + 3*m. Calculate s(h).
7
Let f(l) be the first derivative of -l**3/3 - 2*l**2 + 14. Give f(3).
-21
Suppose 4*m + 2*r = 12, 2*m - 6 = -0*m + 3*r. Suppose 25 = m*k + 2*k. Let q(i) = 3*i - 7. Determine q(k).
8
Let a = 1 - 0. Let y(l) be the first derivative of 2*l + l**3 - a + 1/4*l**4 - 5/2*l**2. What is y(-4)?
6
Let u(m) = m**2 + 9*m + 3. Let g(q) = 2*q**2 + 19*q + 6. Let v(i) = 2*g(i) - 5*u(i). Give v(-7).
-3
Let w(z) = -z**3 - 13 - 4 + 18 + 8*z**2. Give w(8).
1
Let f(s) be the third derivative of s**9/60480 - s**8/3360 + s**7/1008 - s**5/30 - 6*s**2. Let w(z) be the third derivative of f(z). Determine w(5).
0
Let x(q) = 9*q + 4. Let k(r) = -7*r - 3. Let t(b) = 6*k(b) + 5*x(b). What is t(-4)?
-10
Let t(o) be the first derivative of -5/6*o**3 + 2 - o - o**2. Let i(m) be the first derivative of t(m). What is i(-2)?
8
Suppose -9 + 13 = 4*m, -5*y + 14 = -m. Let r(t) = 0*t**3 + t**3 - 1 + 0*t**3 - 3*t**2 - 2*t. What is r(y)?
-7
Let n(z) be the third derivative of z**5/60 - 5*z**4/24 + z**3/2 - 5*z**2. Let v be n(4). Let r(p) be the third derivative of 5*p**4/12 + p**2. Calculate r(v).
-10
Let k = 4 - 3. Let z(i) = 6*i**3 - i**2 + i + 1. Let p(m) = -31*m**3 + 5*m**2 - 5*m - 6. Let u = 17 + -15. Let x(g) = u*p(g) + 11*z(g). Give x(k).
3
Let t(x) be the third derivative of -x**7/840 + x**6/180 + x**5/40 + x**4/12 - x**3/2 - 2*x**2. Let z(q) be the first derivative of t(q). Give z(3).
2
Let s(u) = -7 - 2*u + 8 - u**2 - 4*u - u. Determine s(-7).
1
Let b(u) = -u**3 + 8*u**2 - 4*u + 3. Suppose 29 = 12*c - 67. Calculate b(c).
-29
Let q(u) = -u + 18. Let i be q(13). Suppose 0*m + 21 = -i*w + m, -w + m - 1 = 0. Let j(a) = a**3 + 4*a**2 - 4*a + 6. Determine j(w).
1
Let k(m) = -m**3 + 8*m**2 + 8*m + 13. Suppose 3*a = r - 4*r + 30, -a = -5*r - 4. Determine k(a).
4
Suppose 2*v + 8 = v. Let a(t) = t**3 + 7*t**2 - 8*t - 4. Let i be a(v). Let r(m) = m**3 + 5*m**2 + 5*m + 4. Calculate r(i).
0
Let h(a) = -9*a**2 + 1. Suppose i = 5*f + 8, 0 = -2*i - f + 3*f. Suppose 14 = 5*c - 1. Let n = i + c. Give h(n).
-8
Suppose 5*f + 35 = -5*b + 2*b, -3*b = -2*f + 7. Let c(d) be the second derivative of 0 + 5/12*d**4 + 1/20*d**5 + d**3 + 2*d**2 - d. Give c(f).
-4
Let t(l) = l**3 - 3*l - 4*l**3 + 2 + 3*l**3 - l**3 + l**2. Let k(b) = b**3 - 15*b**2 + 17*b - 40. Let r be k(14). What is t(r)?
-8
Let t(x) = -5*x**2 + 15*x - 4. Let o(p) = 4*p**2 - 9*p**2 + 3*p**2 + 7*p - 1 - 1. Let d(y) = 7*o(y) - 3*t(y). Determine d(-5).
3
Let f = -6 + 2. Let t = 1 + f. Let w be (-2)/2 - 18/t. Let q(s) = -s**2 + 5*s - 3. Determine q(w).
-3
Let b(y) = 5*y - 2. Let r(g) = g - 3. Let o be r(0). Determine b(o).
-17
Let p(y) = y**2 - y - 1. Let n(s) = s + 17. Let z be n(-18). What is p(z)?
1
Let t(b) = 5*b + 17. Let l(g) = 3*g + 9. Let r(z) = -11*l(z) + 6*t(z). Let 